*3 - 5/24*l**4 + 1/120*l**6 + 0 + l**2. What is g(5)?
4
Let o(d) = 4 - 2*d**3 + 5*d + 0*d**2 + d**2 + 3*d**3 + 5*d**2. Let c be o(-5). Let r(x) = -5*x + 1 + 4*x**2 + c*x + x**3 + 2*x + x. What is r(-3)?
4
Let n(x) be the second derivative of -3*x**4/2 - x**3/6 + x**2/2 + 33*x. Calculate n(1).
-18
Let r(f) = f**3 + 8*f**2 + 7*f + 2. Let g be r(-7). Suppose -2 = h - 0*h. Let y be (g/2)/(h + 1). Let p(n) = -n**2 - n. Determine p(y).
0
Let d be (1 + -1 + -2)*-2. Let t(y) = -2 + 4 - y**3 - d*y + y**2 + 4*y**2 + 3. Calculate t(4).
5
Suppose 2*l + 18 = 5*p, 2*l + 6 = -5*p + 28. Let a(v) = 2*v - 3. What is a(p)?
5
Let s be 6/(-15)*5/(-30). Let n(o) be the third derivative of 0 - 1/24*o**4 + 0*o + 0*o**3 - o**2 + s*o**5. Give n(-1).
5
Let i(b) = 3*b**2 - 4*b + 3. Suppose -4*q = 2*v - 8, -3*q + v = 2*q - 10. Let j(r) = -5 + 4*r + 4*r - 3*r**2 + 2*r**q. Let c be j(7). Calculate i(c).
7
Let x(j) = -j**2 + 1. Let y be x(1). Let m = 0 + y. Let p = m + 0. Let a(f) = -f - 5. Calculate a(p).
-5
Let f(h) = -h + 2. Suppose 16 = -4*r - 4*u + 52, 0 = -4*r + 5*u. Give f(r).
-3
Let o(i) = 9*i**3 + i**2. Suppose 3*d - 4 = 2. Suppose -5 + 3 = d*l. Calculate o(l).
-8
Let k = -2 + 4. Let y(w) = -k - 4*w + 2*w**3 - 3*w**2 - w + 4*w - w**3. Determine y(3).
-5
Let o(b) be the first derivative of -1/2*b**2 - 3 + 2*b. What is o(1)?
1
Let f(q) = q + 3. Suppose 0*r - 4*r + 16 = 0. Give f(r).
7
Let p(y) = y**2 - 3*y. Suppose -5 = -5*o + 15. Calculate p(o).
4
Let h be ((-6)/4)/(6/(-8)). Let v(p) = 2*p + 8. Let x be (-20)/50 + (-64)/(-10). Let z(f) = 3*f + 9. Let l(w) = x*z(w) - 7*v(w). Determine l(h).
6
Let o(t) = 7*t + 1. Let v(r) = -3*r + 25. Let u be v(8). Determine o(u).
8
Let z(x) = 4*x - 1. Suppose 5*d + 4*i = -20, 5*d + 3*i + 25 = -2*i. Suppose d = h - 3*h. Suppose h = a - 4*a - 3. Calculate z(a).
-5
Let q(p) = p - 21. Let l(t) = -13*t. Let x be l(0). Calculate q(x).
-21
Suppose -2*m = -4*m + 34. Suppose -m + 7 = -2*r. Let b(k) be the third derivative of -k**5/60 + 7*k**4/24 - k**3/2 + 4*k**2. Calculate b(r).
7
Let o be (-8)/(-28) - 2/7. Suppose o = -3*x - 2*x. Let i(c) = 3 + 3*c + c**2 + c**3 + 2 - 2*c. Give i(x).
5
Let z(a) = a**2 - 3*a. Let s be 64/11 - 14/(-77)*1. Calculate z(s).
18
Let d(p) = -4*p**3 + p**2 + 8*p + 7. Let r(q) = 4*q**3 - q**2 - 9*q - 8. Let t(i) = 7*d(i) + 6*r(i). What is t(-1)?
4
Let x(z) = -15*z + 4 - 7*z**2 + 25*z - z**3 + 8. Give x(-8).
-4
Let b(c) be the third derivative of c**6/120 + c**5/60 - c**4/6 - c**3/3 - 3*c**2. Calculate b(-3).
-8
Let s(q) = -10*q + 1. Suppose 0 = 5*x + 26 - 21. What is s(x)?
11
Suppose -4*a = -3*j - 0*j + 4, -4*a + 28 = 5*j. Suppose -f = -4 + a. Let o(c) = -3 - 2*c**2 - c**3 + f*c + 3*c + 6*c**2 + 0*c. Give o(5).
-3
Let o = -2 + 8. Let i = o - 1. Let l(n) = -3*n**2 + 7 + 3*n - 3*n**2 + 3*n**3 - 2*n**3. Determine l(i).
-3
Let c be (-4)/(-18) + (-10)/45. Suppose c = 4*q - q + 3. Let t(g) = 6*g - 1. Determine t(q).
-7
Suppose k - 4*k + 22 = 5*a, 4*a = 2*k. Suppose -k*s + 0*s - 20 = 0. Let d(y) = -y + 1. Determine d(s).
6
Let s = 14 - 9. Let g = s - 4. Let b(c) = -2*c + g + 0 + 4*c. What is b(-3)?
-5
Suppose -4*d + 0 - 4 = 0. Let k(n) = -n**3 - n - 1. Let c be k(d). Let z(o) = -13*o + 7. Let t(q) = 6*q - 3. Let i(f) = 5*t(f) + 2*z(f). Calculate i(c).
3
Let l(b) be the first derivative of -b**4/4 + 4*b**3/3 + 3*b**2/2 + 28. What is l(5)?
-10
Let h(v) = -v. Let a be h(-6). Let b(n) = -n**3 + 7*n**2 - 6*n + 5. Let d be b(a). Suppose -3*s + d*s = -6. Let q(t) = -t**2 - t - 2. Calculate q(s).
-8
Let w(q) = -q. Let t(g) = 2*g - 4. Let m(v) = t(v) - 3*w(v). Determine m(6).
26
Let m(g) = 7*g**2 + g + 1. Let r be m(-1). Let c(o) = -o**3 + 0*o - r - o + 3*o + 3 - 2*o**2. Calculate c(-3).
-1
Let b(r) = -7*r + 1. Let h(m) = m + 2. Let z(t) = t**2 - 5*t - 1. Let a be z(6). Let f be h(a). Let k(d) = 10*d - 1. Let y(i) = f*b(i) + 5*k(i). Give y(-5).
-3
Let j(k) be the second derivative of 1/2*k**2 + 5*k + 1/20*k**5 + 1/2*k**3 + 0 - 1/2*k**4. Calculate j(5).
-9
Let k(w) = w**2 - 10*w + 8. Suppose 3*u - 9 = 4*c + 26, 0 = -2*c - 4. Determine k(u).
-1
Let n(y) be the second derivative of y**3/6 - 7*y**2/2 + y. Let c = 9 - 1. Let t = 8 - c. Give n(t).
-7
Let f(j) = -6*j - 8. Let o(a) = -3*a - 4. Let q(m) = 2*f(m) - 5*o(m). Let g be 0 - (2 - 1*6). Let d be 2 - g - (1 - 0). Determine q(d).
-5
Let p be (-42)/(-10) + (-7)/35. Let u(x) be the third derivative of 0*x + 1/24*x**p - 2*x**2 - 1/3*x**3 + 0. Determine u(2).
0
Suppose 2*m - 5 = m. Let f(y) be the first derivative of -y**2/2 + y + 38. What is f(m)?
-4
Let x(p) = -5*p + 1 + 2*p + 2*p**2 + 6*p. Give x(-3).
10
Suppose 9 = d - 4*d. Let z(a) = -a**2 - 4*a + 1. Give z(d).
4
Suppose -5 = -2*d - 9. Let q(i) = -i**2 - 3*i - 1. Calculate q(d).
1
Let u(q) = -q**3 - 6*q**2 - 5*q + 5. Let r be (-3)/6 + 1/(-2). Let l be -8 + (-1 - 2)/r. What is u(l)?
5
Let a = -124 + 115. Let d(j) = -j**3 - 10*j**2 - 10*j - 12. Calculate d(a).
-3
Let s(b) be the second derivative of 2*b + 0 - 1/120*b**6 + 0*b**2 + 0*b**4 - 1/2*b**3 - 1/120*b**5. Let d(g) be the second derivative of s(g). Determine d(-1).
-2
Suppose 0 = 63*d - 67*d + 32. Let m(p) = 2*p - 7. Determine m(d).
9
Let j(x) be the second derivative of 1/2*x**3 + 0 + 4*x + 3*x**2. What is j(-6)?
-12
Suppose 28 = 2*r + g + 2*g, g + 20 = 3*r. Suppose 12 = 4*u + r. Let l(h) = -h**2 - 2*h + 1. Determine l(u).
-2
Let i(f) = f - 3. Let r(w) be the second derivative of w**3/6 - w**2/2 - w. Let x be r(1). Give i(x).
-3
Let w(d) = -2*d. Let p(b) = -2*b**2 - 13*b - 4. Let k be p(-6). What is w(k)?
-4
Suppose -5*t = 5*y - 8 - 12, 4*t = -5*y + 18. Let r(x) = -93 - 3*x + 3*x - 2*x + 3*x**2 + 91. Give r(y).
6
Let v(h) = h**2 - 9*h + 7. Suppose -25 = -5*z + 2*d + 3*d, 5*z - 4*d - 27 = 0. What is v(z)?
-7
Let d(r) = -r**3 - 14*r**2 + r + 17. Let q be d(-14). Let s(p) = 2 - p + 3 - q - 1 - p**3 + 3*p**2. Suppose -2 = -k - j + 2, 3*k + j - 8 = 0. Give s(k).
3
Suppose -5*y = -3*l + 27, 4*y + 28 = -3*l + 7*l. Let v(t) = 6*t + 3. Determine v(y).
-15
Let h(i) = i**2 + 4. Let n be h(0). Let x be (n + -1)/(2 - 1). Let l(y) = 2 + 0*y - 2*y - x*y. What is l(2)?
-8
Let i(o) = 26 + 0*o - 14 - o - 15. Determine i(-5).
2
Let n be 2/(-3) + 10/6. Let b(q) be the first derivative of q**5/30 + q**4/24 - 2*q**3/3 - 4. Let c(u) be the third derivative of b(u). Determine c(n).
5
Suppose -2 - 4 = -6*l. Let p(q) = -q. Let j(t) = -2*t. Let d(y) = -4*j(y) + 7*p(y). Give d(l).
1
Suppose 0 = -5*w + 3*l - 8, -w - l = 6 + 2. Let p = -4 - w. Let v(r) = p*r - 2*r**2 + 2 + 0*r + r**2. Give v(3).
-7
Let p(k) = k**2 - 2*k - k - 5 + 1. Suppose -5 = -13*q + 8*q. Let g be (-4)/(-4*q) + 2. Calculate p(g).
-4
Let s(u) = -u**2 + 5*u - 2. Let l(i) = i**2 - 3*i + 2. Let p be l(3). Let h be (8/(-12))/((-4)/18). Suppose -4*y - 3*v = -31, -y + 27 = p*y + h*v. Give s(y).
2
Let n(b) = -5*b**3 - b**2 + 1. Suppose -5*d + 5 = r, -5*d + 6 = 5*r + 1. Calculate n(d).
-5
Let w(m) = -m**2 + 6*m + 7. Let y(c) = 44*c**3 + 2*c**2 - c. Let x be y(1). Let l be (-10)/x - (-112)/18. Calculate w(l).
7
Let h(m) = -3*m - 4. Let a be h(-6). Suppose 3*j = -0*v - 2*v - a, 4*j + 28 = -5*v. Let f(y) = -2*y**2 - 2*y. Calculate f(j).
-4
Suppose 0 = -4*i - 5*c + 1, 5*c + 2 + 3 = -5*i. Let r(p) = -p**3 - 6*p**2 + 2. Let d be r(i). Let j(z) = 4*z + z**2 - 2*z**2 + 0*z**d - 3*z. Calculate j(3).
-6
Let l be (1 + -4 - 0) + (8 - 2). Let y(w) be the third derivative of -1/3*w**l + 0 + 2*w**2 + 1/6*w**4 + 0*w - 1/60*w**5. Give y(5).
-7
Let t(d) be the first derivative of d**6/360 + d**5/60 - d**4/12 + d**3/3 + 1. Let k(l) be the third derivative of t(l). Let w = 20 + -23. What is k(w)?
1
Suppose 3*d = d + 12. Let q be ((-9)/2)/(d/8). Let t(b) = -2*b - 7. Calculate t(q).
5
Let t(p) = p**3 - 3*p**2 - 3*p - 5. Let b be t(4). Let m(d) = -35*d + 1 + 39*d**2 + 36*d - 34*d**2. What is m(b)?
5
Let a(g) = g - 2. Let v(b) = 0*b + 0 - 2*b + b**3 - 5*b**2 - 1 + 7*b**2. Let j be v(-2). What is a(j)?
1
Let z(i) be the first derivative of -i**5/60 - i**4/3 - 7*i**3/3 + 6. Let c(r) be the third derivative of z(r). Calculate c(-7).
6
Let p(m) = 2*m**3 - 9*m + 11. Let a(f) = f**3 - 5*f + 6. Let w(h) = -11*a(h) + 6*p(h). Let u(v) = 4*v**3 + v**2 - 1. Let s(j) = -u(j) + w(j). Determine s(-1).
2
Suppose -d + 0 = -3. Let k(p) = p + 3. What is k(d)?
6
Let g = -25 - -27. Let